rime factors of l?
2, 281
Let d(t) be the third derivative of -10*t**2 + 0 - 13/24*t**4 - 28/3*t**3 + 0*t. What are the prime factors of d(-16)?
2, 19
Suppose 12*q - 641 = 655. What are the prime factors of q?
2, 3
Suppose 5*b = -o - 6 + 18, 0 = -4*o - 12. Let f(w) = -726*w + 7260. Let u be f(10). Suppose -6 = b*h + 3, u = 4*i - 4*h - 600. What are the prime factors of i?
3, 7
Let h(n) = -2*n**3 + 2*n**2 - 3*n + 2966. What are the prime factors of h(0)?
2, 1483
Let y(z) = z**3 + 23*z**2 + 32*z + 61. Let t be y(-22). Let j = 397 + t. List the prime factors of j.
2, 7, 17
Let f = 2091 + -1483. Suppose -s + 201 = -q, 2*s - f = -s + 4*q. List the prime factors of s.
2, 7
Let b = 46714 - 1838. What are the prime factors of b?
2, 13, 863
Let b(p) = -p**3 - 11*p**2 - 30*p - 12. Let n be b(-13). Suppose 11*c = 5*h + 8*c - 1812, c - n = -2*h. What are the prime factors of h?
2, 3, 5
Let b(z) = -53*z - 1484. What are the prime factors of b(-67)?
3, 13, 53
Let i = 69 - 47. Suppose 2*c - i = -10. List the prime factors of -9*(-7)/(14/c).
3
List the prime factors of 34/(-408) + (-216973)/(-12) + 16/(-4).
18077
List the prime factors of (-23 - 1)/(141/(-148238)).
2, 19, 83
Let v = 97220 + -66665. List the prime factors of v.
3, 5, 7, 97
Suppose -3*c - 2*q + 11 - 6 = 0, 5*q = -25. Suppose c*j - 1451 = 3254. What are the prime factors of j?
941
Suppose 0 = 2*b - 2*j - 92, 92 = 4*b - 3*j - 90. List the prime factors of 30/(-165) - (-8808)/b.
2, 5
Suppose 9*a = -0*a + 2691. Let q = a + -5. List the prime factors of q.
2, 3, 7
Suppose 42*o + 142*o - 552 = 0. Let v(x) = 38*x**3 - x**2 - 4. Let p be v(3). Suppose 303 = c + 3*u, 84 = -o*c + u + p. What are the prime factors of c?
3, 103
Suppose -18*i = -3*n - 13*i - 5, 4*n - 2 = -2*i. Suppose f - 3*p - 345 = n, -4*p = f - 182 - 198. What are the prime factors of f?
2, 3, 5
Let t = -217 - -304. List the prime factors of 64/12*t + 7.
3, 157
Suppose -5*w = r - 3712, 6132 = 3*r - 5*w - 5124. List the prime factors of r.
2, 1871
Let t(p) be the first derivative of -87*p**2/2 + 75*p - 3. What are the prime factors of t(-4)?
3, 47
Let s = 9078 + -5845. What are the prime factors of s?
53, 61
Let k be ((-211)/6)/1 - 41/(-246). Let g(l) = -18*l + 10. What are the prime factors of g(k)?
2, 5
Suppose -2*q = -8*d + 7*d + 189, -10 = 5*q. Suppose -97 = b - d. What are the prime factors of b?
2, 11
Let v(c) = 2*c**2 - 10*c + 8. Let h(r) = -3*r - 74. Let p be h(-27). Suppose p = -x + 12. What are the prime factors of v(x)?
2
Suppose 0*a + a - 4*h = -3, -a - 4*h = -13. Suppose 2*g - 38 = -2*g + 2*n, n + 46 = a*g. What are the prime factors of 2486/18 - 1/g?
2, 3, 23
Let o be ((-12)/(-10))/((-39)/(-40040)). Suppose -4*v + 4*a = -o, -1 = 2*a + 3. List the prime factors of v.
2, 3, 17
Let m = -582 - -726. Suppose 8*u + 4*u - m = 0. List the prime factors of u.
2, 3
Suppose 1740 = 3*u - 3*i, -2*u - 3*i + 271 + 899 = 0. Suppose -5*s + 1488 = -4*h, -h = -2*s - 6*h + u. What are the prime factors of s?
2, 37
Let l(z) = 57 + 18*z**3 - 56*z**3 - 5*z**2 - 49 - 11*z. What are the prime factors of l(-3)?
2, 7, 73
Suppose -5*c = -5*a + 20, 0 = 4*a - 9 - 7. Suppose 3*s + 2*s - 4605 = c. Suppose 3*x + 285 - s = 0. List the prime factors of x.
2, 53
Suppose 55409 = t + 3*a, -67*t + 3*a - 166281 = -70*t. List the prime factors of t.
2, 13859
Suppose 0 = -13*g + 51752 + 7775. List the prime factors of g.
19, 241
Suppose 16415 = 2*l + 5*r, -6*l = -9*l - 4*r + 24640. Suppose -161*g = -167*g + l. What are the prime factors of g?
2, 5, 137
List the prime factors of 6542 + (-194)/38 + (-36)/(-342).
3, 2179
Suppose 198 = 42*m - 54. Suppose -8*u = -k - m*u + 1154, -2268 = -2*k - 4*u. List the prime factors of k.
2, 11, 13
List the prime factors of 28615/2 + -2 + (675/(-30))/45.
5, 2861
Let t(c) = c**3 - 6*c**2 + c + 4. Let k be t(7). Let d(h) = -129*h + 645. Let b be d(5). Suppose b*p = -5*p + k. List the prime factors of p.
2, 3
Let r(c) = 3*c**2 - 43*c + 8*c**2 + 0*c**2 - 13 - 8*c**2. What are the prime factors of r(20)?
3, 109
Suppose -h = -4*d + 2911 + 28, 0 = -d - 4*h + 722. List the prime factors of d.
2, 367
Suppose 4*x = f - 44795, 5*f - 172369 = 2*x + 51534. List the prime factors of f.
7, 6397
What are the prime factors of -18*(9 - (-9976)/(-16)) - (3 + 1)?
11057
List the prime factors of ((-6)/9)/2*-3*(-208 - -66211).
3, 7, 449
Let w = -13063 + 20951. What are the prime factors of 10/15 + w/12?
2, 7, 47
Let y = 229 + -224. Suppose -4025 = y*l - 9*l - v, -v - 3 = 0. List the prime factors of l.
19, 53
Let r = -31 - -1. Let p = r - -115. Let i = 12 + p. List the prime factors of i.
97
Suppose -4*v - 5*d + 2 = 18, -v = 3*d - 3. Let s be 55*((-8)/(-6))/((-30)/v). List the prime factors of ((-2057)/s)/(-1 + 1/2).
11, 17
Let x be ((-1)/3)/(2/3162). Let u = -178 - x. What are the prime factors of u?
349
Let m = -46 + 362. Suppose 2*j = -5*y + y + m, -2*j - 2*y + 318 = 0. List the prime factors of j.
2, 5
Suppose -x + 0*x = -2. Let d be ((-46)/(-3))/x + 44/(-66). Suppose -774 = -4*r + 5*n, 2*n + 754 = 4*r + d*n. List the prime factors of r.
191
Suppose 0 = -4*n - 4*z + 73948, -8*n - 3*z + 92421 = -3*n. List the prime factors of n.
2, 3, 5, 7, 11
Suppose 25*c + 11158 = 32*c. Suppose -4*o + c = -4*m - 3186, 3*o = 5*m + 3575. List the prime factors of o.
2, 3, 5
Suppose -470008 = -159*y + 437222 + 801702. What are the prime factors of y?
2, 2687
Let w = -238 + 231. List the prime factors of -1 + 6 - (-379 - (w - -2)).
379
Suppose 0 = -32*a + 36*a - 3*r - 34329, -4*r = 2*a - 17148. List the prime factors of a.
2, 3, 5, 11, 13
Suppose 0 = -3*t + t - 12. Let s(m) = -53*m + 61. List the prime factors of s(t).
379
Suppose 4*o - 8 = 0, -2*v - 616*o + 58390 = -618*o. List the prime factors of v.
7, 43, 97
Let j be 3/4 + 4*130/160. Suppose -3*g = 2 + 4, 2628 = 5*d - j*g. List the prime factors of d.
2, 131
Let w = -21 + 21. Suppose 5*n - 3*n - 10 = w. Suppose 798 = n*q + 2*y, 3*q - 479 = -0*y - y. What are the prime factors of q?
2, 5
Let s(b) = 84*b - 28 - 88 + 49*b + 20*b. What are the prime factors of s(5)?
11, 59
Let c be (42 + -47)*(-20)/(-4). Let i be (-6)/9 - (-206)/(-6). Let s = c - i. List the prime factors of s.
2, 5
Let v(i) = 354*i**2 - 5*i - 6. Let x be v(-2). Suppose 0 = -262*w + 267*w - x. List the prime factors of w.
2, 71
Let p(x) be the third derivative of -35*x**4/24 - 13*x**3/3 - 24*x**2. Let w be 2*(-12)/(18/3). List the prime factors of p(w).
2, 3, 19
Suppose -8*o + 420942 - 89822 = 0. List the prime factors of o.
2, 5, 4139
Suppose h = 2, 10813 = -l + 6*l + 4*h. What are the prime factors of l?
2161
Suppose 0 = -13*a + 22*a + 38250. Let q be (-2)/7 + a/70. Let d = q - -204. List the prime factors of d.
11, 13
Suppose -3*y + 1140 = -13*y. List the prime factors of 76/y - 2224/(-6).
2, 5, 37
List the prime factors of 84382/5 - (-9 + 141/15).
2, 4219
Let b = -147 - -158. Suppose -b*a + 1666 = -1018. What are the prime factors of a?
2, 61
Suppose 5*s + 40 = 9*s. Suppose 5*m + 0*m = s. What are the prime factors of ((-121)/22)/(m/(-20))?
5, 11
Let o = 866 + -510. Let m = o - -46. What are the prime factors of m?
2, 3, 67
Let v(l) = -26*l - 5. Let m be v(-2). Suppose 2*n = -z - 12, z - 5*n = 3*z + 25. Let a = m + z. List the prime factors of a.
37
Suppose -2*g + 44250 = 2*l + 8540, -5*g = -l - 89281. List the prime factors of g.
2, 3, 31
Let h(s) be the first derivative of 14*s**3/3 + 3*s**2 + 4*s - 36. List the prime factors of h(5).
2, 3
What are the prime factors of (527289/68)/21 + (-2)/8?
3, 41
Let f(h) = 15*h**2 - 127*h - 93. List the prime factors of f(44).
7, 47, 71
Let u = 176 + -171. Suppose -1765 = -u*y + 5*j, -j = 5*y + 349 - 2084. What are the prime factors of y?
2, 3, 29
Let d(c) = 23*c + 89. Suppose -2*r - 2*w = -22, 6*w - 10 = -2*r + 8*w. What are the prime factors of d(r)?
3, 7, 13
Suppose -z + 3*x - 415 = -9324, z - 11*x = 8925. What are the prime factors of z?
29, 307
List the prime factors of (-20)/90*-90614 + ((-32)/(-9))/(-8).
2, 3, 839
Let w(m) = 12*m**2 - 12*m + 16. Let s be w(2). List the prime factors of s/60*1422/4.
3, 79
Let k(n) be the first derivative of n**4/6 - 11*n**3/3 - 12*n**2 + 40*n + 49. Let y(v) be the first derivative of k(v). What are the prime factors of y(15)?
2, 3
Let h(t) = t**2 + 18*t - 46. Let k 